{"id":648,"date":"2011-06-29T17:22:02","date_gmt":"2011-06-29T22:22:02","guid":{"rendered":"http:\/\/filmigrana.wordpress.com\/?page_id=648"},"modified":"2022-11-17T23:27:14","modified_gmt":"2022-11-17T23:27:14","slug":"wheres-the-love","status":"publish","type":"page","link":"https:\/\/filmigrana.com\/criticas\/nuestro-alijo\/wheres-the-love\/","title":{"rendered":"Where&#8217;s The Love"},"content":{"rendered":"<p>a) Acaba de ver \u201cLimbo\u201d de John Sayles y se encuentra obsesionado con su aparentemente inexistente acto final. Al mencionarlo en reuniones sociales, sin embargo, tras descubrir lo complejo que resulta sacarse el film de la cabeza, encuentra que nadie ha o\u00eddo ni de Sayles ni del filme; la velada ha sido arruinada y solo una interrogante responde de lleno al decepcionante sentimiento que ahora puebla su estresado psyche: Where\u2019s The Love?<\/p>\n<p>b) Es domingo por la tarde y su pizza no ha llegado a\u00fan. Lo cual es un problema, ya que despert\u00f3 demasiado tarde para desayunar y su est\u00f3mago le est\u00e1 reclamando con gru\u00f1idos y retorcijones. Para matar el tiempo y distraer a su enervado \u00f3rgano, decide pasar canales al azar y, tras pasar por torneos de poker y documentales sobre asesinos en serie, llega a \u201c16 Blocks\u201d de Richard Donner. \u00bfCu\u00e1nto puede faltar? \u00bf15 minutos? No obstante, para cuando llega la pizza y el hombre de la moto ya ha dado un par de pitazos, resulta mucho m\u00e1s provocativo saber cual va a ser el futuro de Mos Def y Bruce Willis y si en efecto lograr\u00e1n cruzar las 16 cuadras de la c\u00e1rcel a la corte, a\u00fan con los quejidos de sus enojadas tripas: \u00bfEl quejido principal, sin embargo? Where IS the love?<\/p>\n<p><a href=\"https:\/\/filmigrana.com\/criticas\/index.php\/2011\/06\/16\/carl-franklin-out-of-time-2003\/\">Carl Franklin: Out Of Time (2003)<\/a><\/p>\n<p><a href=\"https:\/\/filmigrana.com\/criticas\/index.php\/2011\/07\/21\/sergio-corbucci-django-1986\/\">Sergio Corbucci: Django (1968)<\/a><\/p>\n<div>\n<p><a href=\"https:\/\/filmigrana.com\/criticas\/2011\/08\/11\/richard-linklater-a-scanner-darkly-2006\/\">Richard Linklater: A Scanner Darkly (2006)<\/a><\/p>\n<p><a href=\"https:\/\/filmigrana.com\/criticas\/2011\/09\/18\/john-ford-stagecoach-1939\/\">John Ford: Stagecoach (1939)<\/a><\/p>\n<p><a href=\"https:\/\/filmigrana.com\/criticas\/index.php\/2011\/10\/17\/neil-burger-limitless-2011\/\">Neil Burger: Limitless (2011)<\/a><\/p>\n<div>\n<p><em>Mes de apreciaci\u00f3n de Paul Rudd:<\/em><\/p>\n<p>a)\u00a0<a href=\"https:\/\/filmigrana.com\/criticas\/index.php\/2011\/11\/20\/david-wain-wet-hot-american-summer-2001\/\">David Wain: Wet Hot American Summer (2001)<\/a><\/p>\n<p>b)\u00a0<a href=\"https:\/\/filmigrana.com\/criticas\/index.php\/2011\/11\/26\/jason-bloom-overnight-delivery-1998\/\">Jason Bloom: Overnight Delivery (1998)<\/a><\/p>\n<p>c)\u00a0<a href=\"https:\/\/filmigrana.com\/criticas\/index.php\/2011\/12\/02\/billy-kent-the-oh-in-ohio-2006\/\">Billy Kent: The Oh In Ohio (2006)<\/a><\/p>\n<p>d)\u00a0<a href=\"https:\/\/filmigrana.com\/criticas\/index.php\/2011\/12\/18\/neil-labute-the-shape-of-things-2003\/\">Neil LaBute: The Shape Of Things (2003)<\/a><\/p>\n<p><a href=\"https:\/\/filmigrana.com\/criticas\/2011\/11\/27\/stanley-kubrick-paths-of-glory-1957\/\">Stanley Kubrick: Paths Of Glory (1957)<\/a><\/p>\n<p><a href=\"https:\/\/filmigrana.com\/criticas\/2011\/12\/19\/hiroyuki-okiura-jin-roh-1999\/\">Hiroyuki Okiura: Jin-Roh (1999)<\/a><\/p>\n<p><a href=\"https:\/\/filmigrana.com\/criticas\/2012\/01\/02\/noah-baumbach-greenberg-2010\/\">Noah Baumbach: Greenberg (2010)<\/a><\/p>\n<p><a href=\"https:\/\/filmigrana.com\/criticas\/index.php\/2012\/01\/14\/nicolas-roeg-the-man-who-fell-to-earth-1976\/\">Nicolas Roeg: The Man Who Fell To Earth (1976)<\/a><\/p>\n<p><a href=\"https:\/\/filmigrana.com\/criticas\/2012\/02\/22\/roberto-rossellini-francesco-giullare-di-dio-1950\/\">Roberto Rossellini: Francesco, giullare di Dio\u00a0(1950)<\/a><\/p>\n<\/div>\n<\/div>\n<p><a title=\"Enlace permanente a Jake Kasdan: Zero Effect\u00a0(1998)\" href=\"https:\/\/filmigrana.com\/criticas\/index.php\/2012\/07\/04\/jake-kasdan-zero-effect-1998\/\" rel=\"bookmark\">Jake Kasdan: Zero Effect\u00a0(1998)<\/a><\/p>\n<p><a href=\"https:\/\/filmigrana.com\/criticas\/2015\/09\/03\/martin-rosen-watership-down-1978\/\">Martin Rosen: Watership Down (1978)<\/a><\/p>\n<p><a href=\"https:\/\/filmigrana.com\/criticas\/2016\/03\/01\/katsuhiro-otomo-memories-1995\/\">Katsuhiro Otom\u00f4: Memories (1995)<\/a><\/p>\n<p><a href=\"https:\/\/filmigrana.com\/criticas\/index.php\/2016\/10\/19\/d-a-pennebaker-dont-look-back-1967\/\">D.A. Pennebaker: Dont Look Back (1967)<\/a><\/p>\n<p><a href=\"https:\/\/filmigrana.com\/criticas\/index.php\/2018\/01\/11\/tom-ford-nocturnal-animals-2016\/\">Tom Ford: Nocturnal Animals (2016)<\/a><\/p>\n<p><a href=\"https:\/\/filmigrana.com\/criticas\/index.php\/2019\/01\/28\/gaspar-noe-irreversible-2002\/\">Gaspar No\u00e9: Irr\u00e9versible (2002)<\/a><\/p>\n<p><a href=\"https:\/\/filmigrana.com\/criticas\/index.php\/2019\/03\/14\/trey-parker-south-park-bigger-longer-uncut-1999\/\">Trey Parker: South Park \u2013 Bigger, Longer &amp; Uncut (1999)<\/a><\/p>\n<p><a href=\"https:\/\/filmigrana.com\/criticas\/index.php\/2019\/04\/23\/chantal-akerman-jeanne-dielman-23-quai-du-commerce-1080-bruxelles-1975\/\">Chantal Akerman: Jeanne Dielman, 23, quai du Commerce, 1080 Bruxelles (1975)<\/a><\/p>\n<p><a href=\"https:\/\/filmigrana.com\/criticas\/index.php\/2019\/10\/07\/jim-jarmusch-paterson-2016\/\">Jim Jarmusch: Paterson (2016)<\/a><\/p>\n<p><img loading=\"lazy\" decoding=\"async\" class=\"alignnone wp-image-4362 size-full\" src=\"http:\/\/filmigrana.com\/critica\/wp-content\/uploads\/2018\/10\/audition.jpg\" alt=\"\" width=\"1280\" height=\"780\" srcset=\"https:\/\/filmigrana.com\/criticas\/wp-content\/uploads\/2018\/10\/audition.jpg 1280w, https:\/\/filmigrana.com\/criticas\/wp-content\/uploads\/2018\/10\/audition-300x183.jpg 300w, https:\/\/filmigrana.com\/criticas\/wp-content\/uploads\/2018\/10\/audition-768x468.jpg 768w, https:\/\/filmigrana.com\/criticas\/wp-content\/uploads\/2018\/10\/audition-1024x624.jpg 1024w\" sizes=\"auto, (max-width: 1280px) 100vw, 1280px\" \/><\/p>\n<h2>Cita A Ciegas<\/h2>\n<p>\u00bfAlguna vez ha sido transportado en el ba\u00fal de un carro (un autom\u00f3vil, no el s\u00edmil alucin\u00f3geno, a pesar de que a la larga funcionar\u00eda de la misma manera)? Una escena reproducida en la gran pantalla por un gran n\u00famero de filmes (\u201cJackie Brown\u201d, \u201cBrick\u201d, \u201cDogville\u201d y \u201cLe Cercle Rouge\u201d, son unos cuantos), funciona de forma bastante adecuada para resumir el esp\u00edritu aventurero y forzoso de esta secci\u00f3n. \u201cCita A Ciegas\u201d sigue unas cuantas reglas inviolables, la m\u00e1s importante que el escritor del art\u00edculo no sepa nada ni haya o\u00eddo nunca sobre el filme que se le ha designado observar, ni puede investigar sobre \u00e9l una vez se le haya entregado e incluso despu\u00e9s de haberlo visto. Usando s\u00f3lo los cr\u00e9ditos y el a\u00f1o, otorgado por el Dungeon Master (Valtam o Dustnation, probablemente), el escritor se avienta de cabeza a un pozo lleno de lava, peces m\u00e1gicos y arcasaurios, esperando desentra\u00f1ar los secretos de una isla que emerge de la nada.<\/p>\n<p>(PD: LAS CITAS A CIEGAS NO FUNCIONAN)<\/p>\n<p><a href=\"https:\/\/filmigrana.com\/criticas\/2011\/09\/27\/kiyoshi-kurosawa-cure-1997\/\">Kiyoshi Kurosawa: Cure (1997)<\/a><\/p>\n<p><a href=\"https:\/\/filmigrana.com\/criticas\/2011\/11\/12\/peter-weir-picnic-at-hanging-rock-1975\/\" data-wplink-edit=\"true\">Peter Weir: Picnic At Hanging Rock (1975)<\/a><\/p>\n","protected":false},"excerpt":{"rendered":"<p>a) Acaba de ver \u201cLimbo\u201d de John Sayles y se encuentra obsesionado con su aparentemente inexistente acto final. Al mencionarlo en reuniones sociales, sin embargo, tras descubrir lo complejo que resulta sacarse el film de la cabeza, encuentra que nadie ha o\u00eddo ni de Sayles ni del filme; la velada ha sido arruinada y solo &hellip; <a href=\"https:\/\/filmigrana.com\/criticas\/nuestro-alijo\/wheres-the-love\/\" class=\"more-link\">Continue reading <span class=\"screen-reader-text\">Where&#8217;s The Love<\/span> <span class=\"meta-nav\">&rarr;<\/span><\/a><\/p>\n","protected":false},"author":5,"featured_media":4381,"parent":597,"menu_order":0,"comment_status":"closed","ping_status":"closed","template":"","meta":{"footnotes":""},"class_list":["post-648","page","type-page","status-publish","has-post-thumbnail","hentry"],"_links":{"self":[{"href":"https:\/\/filmigrana.com\/criticas\/wp-json\/wp\/v2\/pages\/648","targetHints":{"allow":["GET"]}}],"collection":[{"href":"https:\/\/filmigrana.com\/criticas\/wp-json\/wp\/v2\/pages"}],"about":[{"href":"https:\/\/filmigrana.com\/criticas\/wp-json\/wp\/v2\/types\/page"}],"author":[{"embeddable":true,"href":"https:\/\/filmigrana.com\/criticas\/wp-json\/wp\/v2\/users\/5"}],"replies":[{"embeddable":true,"href":"https:\/\/filmigrana.com\/criticas\/wp-json\/wp\/v2\/comments?post=648"}],"version-history":[{"count":18,"href":"https:\/\/filmigrana.com\/criticas\/wp-json\/wp\/v2\/pages\/648\/revisions"}],"predecessor-version":[{"id":6376,"href":"https:\/\/filmigrana.com\/criticas\/wp-json\/wp\/v2\/pages\/648\/revisions\/6376"}],"up":[{"embeddable":true,"href":"https:\/\/filmigrana.com\/criticas\/wp-json\/wp\/v2\/pages\/597"}],"wp:featuredmedia":[{"embeddable":true,"href":"https:\/\/filmigrana.com\/criticas\/wp-json\/wp\/v2\/media\/4381"}],"wp:attachment":[{"href":"https:\/\/filmigrana.com\/criticas\/wp-json\/wp\/v2\/media?parent=648"}],"curies":[{"name":"wp","href":"https:\/\/api.w.org\/{rel}","templated":true}]}}