{"id":597,"date":"2011-06-14T12:55:37","date_gmt":"2011-06-14T17:55:37","guid":{"rendered":"http:\/\/filmigrana.wordpress.com\/?page_id=597"},"modified":"2022-08-28T04:00:31","modified_gmt":"2022-08-28T04:00:31","slug":"nuestro-alijo","status":"publish","type":"page","link":"https:\/\/filmigrana.com\/criticas\/nuestro-alijo\/","title":{"rendered":"Nuestro Alijo"},"content":{"rendered":"<p>Esta p\u00e1gina est\u00e1 dise\u00f1ada s\u00f3lo para permitir que se despliegue el men\u00fa principal de secciones en el inicio del sitio.<\/p>\n<p><img loading=\"lazy\" decoding=\"async\" class=\"aligncenter wp-image-5863 size-full\" src=\"https:\/\/filmigrana.com\/criticas\/wp-content\/uploads\/2022\/08\/screen-shot-2014-09-06-at-2-46-23-pm.jpg\" alt=\"\" width=\"1266\" height=\"705\" srcset=\"https:\/\/filmigrana.com\/criticas\/wp-content\/uploads\/2022\/08\/screen-shot-2014-09-06-at-2-46-23-pm.jpg 1266w, https:\/\/filmigrana.com\/criticas\/wp-content\/uploads\/2022\/08\/screen-shot-2014-09-06-at-2-46-23-pm-300x167.jpg 300w, https:\/\/filmigrana.com\/criticas\/wp-content\/uploads\/2022\/08\/screen-shot-2014-09-06-at-2-46-23-pm-1024x570.jpg 1024w, https:\/\/filmigrana.com\/criticas\/wp-content\/uploads\/2022\/08\/screen-shot-2014-09-06-at-2-46-23-pm-768x428.jpg 768w\" sizes=\"auto, (max-width: 1266px) 100vw, 1266px\" \/><\/p>\n<p>Felicitaciones, ha descubierto el \u00fanico &#8216;<em>easter egg<\/em>&#8216; de <strong>Filmigrana<\/strong>. Contin\u00fae con su lectura.<\/p>\n","protected":false},"excerpt":{"rendered":"<p>Esta p\u00e1gina est\u00e1 dise\u00f1ada s\u00f3lo para permitir que se despliegue el men\u00fa principal de secciones en el inicio del sitio. Felicitaciones, ha descubierto el \u00fanico &#8216;easter egg&#8216; de Filmigrana. Contin\u00fae con su lectura.<\/p>\n","protected":false},"author":5,"featured_media":0,"parent":0,"menu_order":0,"comment_status":"closed","ping_status":"closed","template":"","meta":{"footnotes":""},"class_list":["post-597","page","type-page","status-publish","hentry"],"_links":{"self":[{"href":"https:\/\/filmigrana.com\/criticas\/wp-json\/wp\/v2\/pages\/597","targetHints":{"allow":["GET"]}}],"collection":[{"href":"https:\/\/filmigrana.com\/criticas\/wp-json\/wp\/v2\/pages"}],"about":[{"href":"https:\/\/filmigrana.com\/criticas\/wp-json\/wp\/v2\/types\/page"}],"author":[{"embeddable":true,"href":"https:\/\/filmigrana.com\/criticas\/wp-json\/wp\/v2\/users\/5"}],"replies":[{"embeddable":true,"href":"https:\/\/filmigrana.com\/criticas\/wp-json\/wp\/v2\/comments?post=597"}],"version-history":[{"count":2,"href":"https:\/\/filmigrana.com\/criticas\/wp-json\/wp\/v2\/pages\/597\/revisions"}],"predecessor-version":[{"id":5866,"href":"https:\/\/filmigrana.com\/criticas\/wp-json\/wp\/v2\/pages\/597\/revisions\/5866"}],"wp:attachment":[{"href":"https:\/\/filmigrana.com\/criticas\/wp-json\/wp\/v2\/media?parent=597"}],"curies":[{"name":"wp","href":"https:\/\/api.w.org\/{rel}","templated":true}]}}