{"id":1180,"date":"2011-10-31T16:39:18","date_gmt":"2011-10-31T21:39:18","guid":{"rendered":"http:\/\/filmigrana.wordpress.com\/?page_id=1180"},"modified":"2022-11-04T06:05:51","modified_gmt":"2022-11-04T06:05:51","slug":"una-semana-de-horror-en-filmigrana","status":"publish","type":"page","link":"https:\/\/filmigrana.com\/criticas\/nuestro-alijo\/una-semana-de-horror-en-filmigrana\/","title":{"rendered":"Una Semana de Horror en Filmigrana"},"content":{"rendered":"<p>He aqu\u00ed algo nuevo a lo que aspirar en la \u00e9poca de la calabaza, adem\u00e1s de las faldas inexistentes, los dulces y los ligueros: Una semana de pel\u00edculas de horror de variopintos or\u00edgenes, desde secuelas ochenteras con policias psic\u00f3patas hasta selecciones especiales de la filmograf\u00eda de los maestros del g\u00e9nero (Argento, Cronenberg, (Joe) Dante, et al), para quien quiera evadir las multitudes y reemplazarlas por un marat\u00f3n de asesinos en serie, monstruos y psiquiatras.<\/p>\n<p><strong><em>Una Semana de Horror en Filmigrana (<a href=\"https:\/\/filmigrana.com\/criticas\/index.php\/2011\/10\/24\/whos-laughing-now-una-semana-de-terror-en-filmigrana\/\">2011<\/a>)<\/em><\/strong><\/p>\n<p><a href=\"https:\/\/filmigrana.com\/criticas\/2011\/10\/25\/clive-barker-nightbreed-1990\/\">Clive Barker: Nightbreed (1990)<\/a><\/p>\n<p><a href=\"https:\/\/filmigrana.com\/criticas\/index.php\/2011\/10\/26\/jack-clayton-the-innocents-1961\/\">Jack Clayton: The Innocents (1961)<\/a><\/p>\n<p><a href=\"https:\/\/filmigrana.com\/criticas\/2011\/10\/27\/tony-randel-hellbound-hellraiser-ii-1988\/\">Tony Randel: Hellbound &#8211; Hellraiser II (1988)<\/a><\/p>\n<p><a href=\"https:\/\/filmigrana.com\/criticas\/index.php\/2011\/10\/28\/tony-scott-the-hunger-1983\/\">Tony Scott: The Hunger (1983)<\/a><\/p>\n<p><a href=\"https:\/\/filmigrana.com\/criticas\/2011\/10\/30\/michael-dougherty-trick-r-treat-2007\/\">Michael Dougherty: Trick r&#8217; Treat (2007)<\/a><\/p>\n<p><a href=\"https:\/\/filmigrana.com\/criticas\/index.php\/2011\/11\/01\/adam-rifkin-psycho-cop-2\/\">Adam Rifkin: Psycho Cop 2 (1993)<\/a><\/p>\n<p><em><strong>Una Semana de Horror en Filmigrana, Parte 2: La Venganza (<a href=\"https:\/\/filmigrana.com\/criticas\/index.php\/2012\/10\/23\/una-semana-de-horror-en-filmigrana-parte-2-la-venganza\/\">2012<\/a>)<\/strong><\/em><\/p>\n<p><a href=\"https:\/\/filmigrana.com\/criticas\/2012\/10\/26\/nobuhiko-obayashi-hausu-1977\/\">Nobuhiko Obayashi: Hausu\u00a0(1977)<\/a><\/p>\n<p><a href=\"https:\/\/filmigrana.com\/criticas\/index.php\/2012\/10\/27\/jim-wynorski-chopping-mall-1986\/\">Jim Wynorski: Chopping Mall\u00a0(1986)<\/a><\/p>\n<p><a href=\"https:\/\/filmigrana.com\/criticas\/2012\/10\/29\/mario-bava-la-maschera-del-demonio-1960\/\">Mario Bava: La Maschera del Demonio\u00a0(1960)<\/a><\/p>\n<p><a href=\"https:\/\/filmigrana.com\/criticas\/index.php\/2012\/10\/31\/mitchell-lichtenstein-teeth-2007\/\">Mitchell Lichtenstein: Teeth\u00a0(2007)<\/a><\/p>\n<p><a title=\"Enlace permanente a Lucio Fulci: City of the Living Dead\u00a0(1980)\" href=\"https:\/\/filmigrana.com\/criticas\/2012\/11\/01\/lucio-fulci-city-of-the-living-dead-1980\/\" rel=\"bookmark\">Lucio Fulci: City of the Living Dead\u00a0(1980)<\/a><\/p>\n<p><em><strong>Una Semana de Horror en Filmigrana III: Season Of The Witch (<a href=\"https:\/\/filmigrana.com\/criticas\/index.php\/2014\/10\/20\/una-semana-de-horror-en-filmigrana-iii-season-of-the-witch\/\">2014<\/a>):<\/strong><\/em><\/p>\n<p><a href=\"https:\/\/filmigrana.com\/criticas\/index.php\/2014\/10\/27\/dick-maas-amsterdamned-1988\/\">Dick Maas: Amsterdamned (1988)<\/a><\/p>\n<p><a href=\"https:\/\/filmigrana.com\/criticas\/2014\/10\/28\/jonathan-king-black-sheep-2006\/\">Jonathan King: Black Sheep (2006)<\/a><\/p>\n<p><a href=\"https:\/\/filmigrana.com\/criticas\/2014\/10\/29\/john-cherry-iii-ernest-scared-stupid-1991\/\">John Cherry III: Ernest Scared Stupid (1991)<\/a><\/p>\n<p><a href=\"https:\/\/filmigrana.com\/criticas\/index.php\/2014\/11\/04\/george-p-cosmatos-leviathan-1989\/\">George P. Cosmatos: Leviathan (1989)<\/a><\/p>\n<p><a href=\"https:\/\/filmigrana.com\/criticas\/2014\/11\/06\/lucio-fulci-demonia-1990\/\">Lucio Fulci: Demonia (1990)<\/a><\/p>\n<p><em><strong>Una Semana de Horror IV: Blood Feud (<a href=\"https:\/\/filmigrana.com\/criticas\/index.php\/2015\/10\/20\/una-semana-de-horror-iv-blood-feud\/\">2015<\/a>)<\/strong><\/em><\/p>\n<p><a href=\"https:\/\/filmigrana.com\/criticas\/2015\/10\/26\/semana-del-horror-iv-only-lovers-left-alive-jim-jarmusch-2013\/\">Jim Jarmusch: Only Lovers Left Alive (2013)<\/a><\/p>\n<p><a href=\"https:\/\/filmigrana.com\/criticas\/index.php\/2015\/10\/27\/george-p-cosmatos-of-unknown-origin-1983\/\">George P. Cosmatos: Of Unknown Origin (1983)<\/a><\/p>\n<p><a href=\"https:\/\/filmigrana.com\/criticas\/index.php\/2015\/10\/28\/jim-sharman-the-rocky-horror-picture-show-1975\/\">Jim Sharman: The Rocky Horror Picture Show (1975)<\/a><\/p>\n<p><a href=\"https:\/\/filmigrana.com\/criticas\/index.php\/2015\/10\/31\/bernard-rose-candyman-1992\/\">Bernard Rose: Candyman (1992)<\/a><\/p>\n<p><a href=\"https:\/\/filmigrana.com\/criticas\/index.php\/2015\/11\/05\/one-missed-call-takashi-miike-2003-vs-eric-valette-2008\/\">One Missed Call: Takashi Miike (2003) Vs. Eric Valette (2008)<\/a><\/p>\n<p><em><strong>Una Semana de Horror V: A New Beginning (<a href=\"https:\/\/filmigrana.com\/criticas\/index.php\/2016\/10\/24\/una-semana-de-horror-en-filmigrana-v\/\">2016<\/a>)<\/strong><\/em><\/p>\n<p><a href=\"https:\/\/filmigrana.com\/criticas\/2016\/10\/31\/georges-franju-les-yeux-sans-visage-1959\/\">Georges Franju: Les Yeux Sans Visage (1959)<\/a><\/p>\n<p><a href=\"https:\/\/filmigrana.com\/criticas\/index.php\/2016\/11\/02\/roger-donaldson-species-1995\/\">Roger Donaldson: Species (1995)<\/a><\/p>\n<p><a href=\"https:\/\/filmigrana.com\/criticas\/2016\/11\/04\/kazuki-ohmori-godzilla-vs-biollante-1989\/\">Kazuki Ohmori: Godzilla vs. Biollante (1989)<\/a><\/p>\n<p><a href=\"https:\/\/filmigrana.com\/criticas\/index.php\/2016\/11\/07\/erle-c-kanton-island-of-lost-souls-1932\/\">Erle C. Kanton: Island Of Lost Souls (1932)<\/a><\/p>\n<p><a href=\"https:\/\/filmigrana.com\/criticas\/index.php\/2016\/12\/14\/wes-craven-the-serpent-the-rainbow-1988\/\">Wes Craven: The Serpent &amp; The Rainbow (1988)<\/a><\/p>\n<p><em><strong>Una Semana de Horror VI: The Final Nightmare (<a href=\"https:\/\/filmigrana.com\/criticas\/2022\/10\/19\/una-semana-de-horror-vi-the-final-nightmare\/\">2022<\/a>)<br \/>\n<\/strong><\/em><\/p>\n<p><a href=\"https:\/\/filmigrana.com\/criticas\/index.php\/2016\/12\/14\/wes-craven-the-serpent-the-rainbow-1988\/\">Rodman Flender: Idle Hands (1999) &#8211; Anticapitalismo gore<\/a><\/p>\n<p><a href=\"https:\/\/filmigrana.com\/criticas\/2022\/10\/28\/george-mihalka-my-bloody-valentine-1981\/\">George Mihalka: My Bloody Valentine (1981)<\/a><\/p>\n<p><a href=\"https:\/\/filmigrana.com\/criticas\/2022\/11\/04\/david-cronenberg-the-fly-1986\/\">David Cronenberg: The Fly (1986)<\/a><\/p>\n<p><em>&#8220;Filthy Billy, I know what you did nasty Billy!&#8221;<\/em><\/p>\n","protected":false},"excerpt":{"rendered":"<p>He aqu\u00ed algo nuevo a lo que aspirar en la \u00e9poca de la calabaza, adem\u00e1s de las faldas inexistentes, los dulces y los ligueros: Una semana de pel\u00edculas de horror de variopintos or\u00edgenes, desde secuelas ochenteras con policias psic\u00f3patas hasta selecciones especiales de la filmograf\u00eda de los maestros del g\u00e9nero (Argento, Cronenberg, (Joe) Dante, et &hellip; <a href=\"https:\/\/filmigrana.com\/criticas\/nuestro-alijo\/una-semana-de-horror-en-filmigrana\/\" class=\"more-link\">Continue reading <span class=\"screen-reader-text\">Una Semana de Horror en Filmigrana<\/span> <span class=\"meta-nav\">&rarr;<\/span><\/a><\/p>\n","protected":false},"author":5,"featured_media":4432,"parent":597,"menu_order":0,"comment_status":"closed","ping_status":"closed","template":"","meta":{"footnotes":""},"class_list":["post-1180","page","type-page","status-publish","has-post-thumbnail","hentry"],"_links":{"self":[{"href":"https:\/\/filmigrana.com\/criticas\/wp-json\/wp\/v2\/pages\/1180","targetHints":{"allow":["GET"]}}],"collection":[{"href":"https:\/\/filmigrana.com\/criticas\/wp-json\/wp\/v2\/pages"}],"about":[{"href":"https:\/\/filmigrana.com\/criticas\/wp-json\/wp\/v2\/types\/page"}],"author":[{"embeddable":true,"href":"https:\/\/filmigrana.com\/criticas\/wp-json\/wp\/v2\/users\/5"}],"replies":[{"embeddable":true,"href":"https:\/\/filmigrana.com\/criticas\/wp-json\/wp\/v2\/comments?post=1180"}],"version-history":[{"count":26,"href":"https:\/\/filmigrana.com\/criticas\/wp-json\/wp\/v2\/pages\/1180\/revisions"}],"predecessor-version":[{"id":6192,"href":"https:\/\/filmigrana.com\/criticas\/wp-json\/wp\/v2\/pages\/1180\/revisions\/6192"}],"up":[{"embeddable":true,"href":"https:\/\/filmigrana.com\/criticas\/wp-json\/wp\/v2\/pages\/597"}],"wp:featuredmedia":[{"embeddable":true,"href":"https:\/\/filmigrana.com\/criticas\/wp-json\/wp\/v2\/media\/4432"}],"wp:attachment":[{"href":"https:\/\/filmigrana.com\/criticas\/wp-json\/wp\/v2\/media?parent=1180"}],"curies":[{"name":"wp","href":"https:\/\/api.w.org\/{rel}","templated":true}]}}